{"id":40,"date":"2025-08-17T16:09:39","date_gmt":"2025-08-17T16:09:39","guid":{"rendered":"http:\/\/legendes-de-nice.com\/?page_id=40"},"modified":"2025-08-17T16:52:34","modified_gmt":"2025-08-17T16:52:34","slug":"40-2","status":"publish","type":"page","link":"https:\/\/legendes-de-nice.com\/index.php\/40-2\/","title":{"rendered":""},"content":{"rendered":"\n<figure class=\"wp-block-image alignfull size-full\"><img loading=\"lazy\" decoding=\"async\" width=\"2560\" height=\"1810\" src=\"http:\/\/legendes-de-nice.com\/wp-content\/uploads\/2025\/08\/Sans-titre-1-01-scaled.png\" alt=\"Legendes de Nice, Cavigal Auto-moto, Ville de Nice, FFVE, FIVA, Cauchi Design, Sport&amp;Collection, Groupe Cavallari, B.R.M. Chronographes, \u00e9ditions LVA\" class=\"wp-image-41\" srcset=\"https:\/\/legendes-de-nice.com\/wp-content\/uploads\/2025\/08\/Sans-titre-1-01-scaled.png 2560w, https:\/\/legendes-de-nice.com\/wp-content\/uploads\/2025\/08\/Sans-titre-1-01-300x212.png 300w, https:\/\/legendes-de-nice.com\/wp-content\/uploads\/2025\/08\/Sans-titre-1-01-1024x724.png 1024w, https:\/\/legendes-de-nice.com\/wp-content\/uploads\/2025\/08\/Sans-titre-1-01-768x543.png 768w, https:\/\/legendes-de-nice.com\/wp-content\/uploads\/2025\/08\/Sans-titre-1-01-1536x1086.png 1536w, https:\/\/legendes-de-nice.com\/wp-content\/uploads\/2025\/08\/Sans-titre-1-01-2048x1448.png 2048w\" sizes=\"auto, (max-width: 2560px) 100vw, 2560px\" \/><\/figure>\n\n\n\n<figure class=\"wp-block-image alignfull size-full\"><img loading=\"lazy\" decoding=\"async\" width=\"2560\" height=\"1810\" src=\"http:\/\/legendes-de-nice.com\/wp-content\/uploads\/2025\/08\/Sans-titre-1-02-scaled.png\" alt=\"\" class=\"wp-image-42\" srcset=\"https:\/\/legendes-de-nice.com\/wp-content\/uploads\/2025\/08\/Sans-titre-1-02-scaled.png 2560w, https:\/\/legendes-de-nice.com\/wp-content\/uploads\/2025\/08\/Sans-titre-1-02-300x212.png 300w, https:\/\/legendes-de-nice.com\/wp-content\/uploads\/2025\/08\/Sans-titre-1-02-1024x724.png 1024w, https:\/\/legendes-de-nice.com\/wp-content\/uploads\/2025\/08\/Sans-titre-1-02-768x543.png 768w, https:\/\/legendes-de-nice.com\/wp-content\/uploads\/2025\/08\/Sans-titre-1-02-1536x1086.png 1536w, https:\/\/legendes-de-nice.com\/wp-content\/uploads\/2025\/08\/Sans-titre-1-02-2048x1448.png 2048w\" sizes=\"auto, (max-width: 2560px) 100vw, 2560px\" \/><\/figure>\n\n\n\n<figure class=\"wp-block-image alignfull size-full\"><img loading=\"lazy\" decoding=\"async\" width=\"2560\" height=\"1810\" src=\"http:\/\/legendes-de-nice.com\/wp-content\/uploads\/2025\/08\/Sans-titre-1-03-2-scaled.png\" alt=\"\" class=\"wp-image-45\" srcset=\"https:\/\/legendes-de-nice.com\/wp-content\/uploads\/2025\/08\/Sans-titre-1-03-2-scaled.png 2560w, https:\/\/legendes-de-nice.com\/wp-content\/uploads\/2025\/08\/Sans-titre-1-03-2-300x212.png 300w, https:\/\/legendes-de-nice.com\/wp-content\/uploads\/2025\/08\/Sans-titre-1-03-2-1024x724.png 1024w, https:\/\/legendes-de-nice.com\/wp-content\/uploads\/2025\/08\/Sans-titre-1-03-2-768x543.png 768w, https:\/\/legendes-de-nice.com\/wp-content\/uploads\/2025\/08\/Sans-titre-1-03-2-1536x1086.png 1536w, https:\/\/legendes-de-nice.com\/wp-content\/uploads\/2025\/08\/Sans-titre-1-03-2-2048x1448.png 2048w\" sizes=\"auto, (max-width: 2560px) 100vw, 2560px\" \/><\/figure>\n\n\n\n<figure class=\"wp-block-image alignfull size-full\"><img loading=\"lazy\" decoding=\"async\" width=\"2560\" height=\"1810\" src=\"http:\/\/legendes-de-nice.com\/wp-content\/uploads\/2025\/08\/Sans-titre-1-04-scaled.png\" alt=\"\" class=\"wp-image-46\" srcset=\"https:\/\/legendes-de-nice.com\/wp-content\/uploads\/2025\/08\/Sans-titre-1-04-scaled.png 2560w, https:\/\/legendes-de-nice.com\/wp-content\/uploads\/2025\/08\/Sans-titre-1-04-300x212.png 300w, https:\/\/legendes-de-nice.com\/wp-content\/uploads\/2025\/08\/Sans-titre-1-04-1024x724.png 1024w, https:\/\/legendes-de-nice.com\/wp-content\/uploads\/2025\/08\/Sans-titre-1-04-768x543.png 768w, https:\/\/legendes-de-nice.com\/wp-content\/uploads\/2025\/08\/Sans-titre-1-04-1536x1086.png 1536w, https:\/\/legendes-de-nice.com\/wp-content\/uploads\/2025\/08\/Sans-titre-1-04-2048x1448.png 2048w\" sizes=\"auto, (max-width: 2560px) 100vw, 2560px\" \/><\/figure>\n\n\n\n<figure class=\"wp-block-image alignfull size-full\"><img loading=\"lazy\" decoding=\"async\" width=\"2560\" height=\"1810\" src=\"http:\/\/legendes-de-nice.com\/wp-content\/uploads\/2025\/08\/Sans-titre-1-05-scaled.png\" alt=\"\" class=\"wp-image-47\" srcset=\"https:\/\/legendes-de-nice.com\/wp-content\/uploads\/2025\/08\/Sans-titre-1-05-scaled.png 2560w, https:\/\/legendes-de-nice.com\/wp-content\/uploads\/2025\/08\/Sans-titre-1-05-300x212.png 300w, https:\/\/legendes-de-nice.com\/wp-content\/uploads\/2025\/08\/Sans-titre-1-05-1024x724.png 1024w, https:\/\/legendes-de-nice.com\/wp-content\/uploads\/2025\/08\/Sans-titre-1-05-768x543.png 768w, https:\/\/legendes-de-nice.com\/wp-content\/uploads\/2025\/08\/Sans-titre-1-05-1536x1086.png 1536w, https:\/\/legendes-de-nice.com\/wp-content\/uploads\/2025\/08\/Sans-titre-1-05-2048x1448.png 2048w\" sizes=\"auto, (max-width: 2560px) 100vw, 2560px\" \/><\/figure>\n\n\n\n<figure class=\"wp-block-image alignfull size-full\"><img loading=\"lazy\" decoding=\"async\" width=\"2560\" height=\"1810\" src=\"http:\/\/legendes-de-nice.com\/wp-content\/uploads\/2025\/08\/Sans-titre-1-06-scaled.png\" alt=\"\" class=\"wp-image-48\" srcset=\"https:\/\/legendes-de-nice.com\/wp-content\/uploads\/2025\/08\/Sans-titre-1-06-scaled.png 2560w, https:\/\/legendes-de-nice.com\/wp-content\/uploads\/2025\/08\/Sans-titre-1-06-300x212.png 300w, https:\/\/legendes-de-nice.com\/wp-content\/uploads\/2025\/08\/Sans-titre-1-06-1024x724.png 1024w, https:\/\/legendes-de-nice.com\/wp-content\/uploads\/2025\/08\/Sans-titre-1-06-768x543.png 768w, https:\/\/legendes-de-nice.com\/wp-content\/uploads\/2025\/08\/Sans-titre-1-06-1536x1086.png 1536w, https:\/\/legendes-de-nice.com\/wp-content\/uploads\/2025\/08\/Sans-titre-1-06-2048x1448.png 2048w\" sizes=\"auto, (max-width: 2560px) 100vw, 2560px\" \/><\/figure>\n\n\n\n<figure class=\"wp-block-image alignfull size-full\"><img loading=\"lazy\" decoding=\"async\" width=\"2560\" height=\"1810\" src=\"http:\/\/legendes-de-nice.com\/wp-content\/uploads\/2025\/08\/Sans-titre-1-07-scaled.png\" alt=\"\" class=\"wp-image-49\" srcset=\"https:\/\/legendes-de-nice.com\/wp-content\/uploads\/2025\/08\/Sans-titre-1-07-scaled.png 2560w, https:\/\/legendes-de-nice.com\/wp-content\/uploads\/2025\/08\/Sans-titre-1-07-300x212.png 300w, https:\/\/legendes-de-nice.com\/wp-content\/uploads\/2025\/08\/Sans-titre-1-07-1024x724.png 1024w, https:\/\/legendes-de-nice.com\/wp-content\/uploads\/2025\/08\/Sans-titre-1-07-768x543.png 768w, https:\/\/legendes-de-nice.com\/wp-content\/uploads\/2025\/08\/Sans-titre-1-07-1536x1086.png 1536w, https:\/\/legendes-de-nice.com\/wp-content\/uploads\/2025\/08\/Sans-titre-1-07-2048x1448.png 2048w\" sizes=\"auto, (max-width: 2560px) 100vw, 2560px\" \/><\/figure>\n\n\n\n<figure class=\"wp-block-image alignfull size-full\"><img loading=\"lazy\" decoding=\"async\" width=\"2560\" height=\"1810\" src=\"http:\/\/legendes-de-nice.com\/wp-content\/uploads\/2025\/08\/Sans-titre-1-08-scaled.png\" alt=\"\" class=\"wp-image-50\" srcset=\"https:\/\/legendes-de-nice.com\/wp-content\/uploads\/2025\/08\/Sans-titre-1-08-scaled.png 2560w, https:\/\/legendes-de-nice.com\/wp-content\/uploads\/2025\/08\/Sans-titre-1-08-300x212.png 300w, https:\/\/legendes-de-nice.com\/wp-content\/uploads\/2025\/08\/Sans-titre-1-08-1024x724.png 1024w, https:\/\/legendes-de-nice.com\/wp-content\/uploads\/2025\/08\/Sans-titre-1-08-768x543.png 768w, https:\/\/legendes-de-nice.com\/wp-content\/uploads\/2025\/08\/Sans-titre-1-08-1536x1086.png 1536w, https:\/\/legendes-de-nice.com\/wp-content\/uploads\/2025\/08\/Sans-titre-1-08-2048x1448.png 2048w\" sizes=\"auto, (max-width: 2560px) 100vw, 2560px\" \/><\/figure>\n\n\n\n<figure class=\"wp-block-image alignfull size-full\"><img loading=\"lazy\" decoding=\"async\" width=\"2560\" height=\"1810\" src=\"http:\/\/legendes-de-nice.com\/wp-content\/uploads\/2025\/08\/Sans-titre-1-09-scaled.png\" alt=\"\" class=\"wp-image-51\" srcset=\"https:\/\/legendes-de-nice.com\/wp-content\/uploads\/2025\/08\/Sans-titre-1-09-scaled.png 2560w, https:\/\/legendes-de-nice.com\/wp-content\/uploads\/2025\/08\/Sans-titre-1-09-300x212.png 300w, https:\/\/legendes-de-nice.com\/wp-content\/uploads\/2025\/08\/Sans-titre-1-09-1024x724.png 1024w, https:\/\/legendes-de-nice.com\/wp-content\/uploads\/2025\/08\/Sans-titre-1-09-768x543.png 768w, https:\/\/legendes-de-nice.com\/wp-content\/uploads\/2025\/08\/Sans-titre-1-09-1536x1086.png 1536w, https:\/\/legendes-de-nice.com\/wp-content\/uploads\/2025\/08\/Sans-titre-1-09-2048x1448.png 2048w\" sizes=\"auto, (max-width: 2560px) 100vw, 2560px\" \/><\/figure>\n\n\n\n<figure class=\"wp-block-image alignfull size-full\"><img loading=\"lazy\" decoding=\"async\" width=\"2560\" height=\"1810\" src=\"http:\/\/legendes-de-nice.com\/wp-content\/uploads\/2025\/08\/Sans-titre-1-10-scaled.png\" alt=\"\" class=\"wp-image-54\" srcset=\"https:\/\/legendes-de-nice.com\/wp-content\/uploads\/2025\/08\/Sans-titre-1-10-scaled.png 2560w, https:\/\/legendes-de-nice.com\/wp-content\/uploads\/2025\/08\/Sans-titre-1-10-300x212.png 300w, https:\/\/legendes-de-nice.com\/wp-content\/uploads\/2025\/08\/Sans-titre-1-10-1024x724.png 1024w, https:\/\/legendes-de-nice.com\/wp-content\/uploads\/2025\/08\/Sans-titre-1-10-768x543.png 768w, https:\/\/legendes-de-nice.com\/wp-content\/uploads\/2025\/08\/Sans-titre-1-10-1536x1086.png 1536w, https:\/\/legendes-de-nice.com\/wp-content\/uploads\/2025\/08\/Sans-titre-1-10-2048x1448.png 2048w\" sizes=\"auto, (max-width: 2560px) 100vw, 2560px\" \/><\/figure>\n\n\n\n<figure class=\"wp-block-image alignfull size-full\"><img loading=\"lazy\" decoding=\"async\" width=\"2560\" height=\"1810\" src=\"http:\/\/legendes-de-nice.com\/wp-content\/uploads\/2025\/08\/Sans-titre-1-11-scaled.png\" alt=\"\" class=\"wp-image-55\" srcset=\"https:\/\/legendes-de-nice.com\/wp-content\/uploads\/2025\/08\/Sans-titre-1-11-scaled.png 2560w, https:\/\/legendes-de-nice.com\/wp-content\/uploads\/2025\/08\/Sans-titre-1-11-300x212.png 300w, https:\/\/legendes-de-nice.com\/wp-content\/uploads\/2025\/08\/Sans-titre-1-11-1024x724.png 1024w, https:\/\/legendes-de-nice.com\/wp-content\/uploads\/2025\/08\/Sans-titre-1-11-768x543.png 768w, https:\/\/legendes-de-nice.com\/wp-content\/uploads\/2025\/08\/Sans-titre-1-11-1536x1086.png 1536w, https:\/\/legendes-de-nice.com\/wp-content\/uploads\/2025\/08\/Sans-titre-1-11-2048x1448.png 2048w\" sizes=\"auto, (max-width: 2560px) 100vw, 2560px\" \/><\/figure>\n\n\n\n<figure class=\"wp-block-image alignfull size-full\"><img loading=\"lazy\" decoding=\"async\" width=\"2560\" height=\"1810\" src=\"http:\/\/legendes-de-nice.com\/wp-content\/uploads\/2025\/08\/Sans-titre-1-12-scaled.png\" alt=\"\" class=\"wp-image-56\" srcset=\"https:\/\/legendes-de-nice.com\/wp-content\/uploads\/2025\/08\/Sans-titre-1-12-scaled.png 2560w, https:\/\/legendes-de-nice.com\/wp-content\/uploads\/2025\/08\/Sans-titre-1-12-300x212.png 300w, https:\/\/legendes-de-nice.com\/wp-content\/uploads\/2025\/08\/Sans-titre-1-12-1024x724.png 1024w, https:\/\/legendes-de-nice.com\/wp-content\/uploads\/2025\/08\/Sans-titre-1-12-768x543.png 768w, https:\/\/legendes-de-nice.com\/wp-content\/uploads\/2025\/08\/Sans-titre-1-12-1536x1086.png 1536w, https:\/\/legendes-de-nice.com\/wp-content\/uploads\/2025\/08\/Sans-titre-1-12-2048x1448.png 2048w\" sizes=\"auto, (max-width: 2560px) 100vw, 2560px\" \/><\/figure>\n\n\n\n<figure class=\"wp-block-image alignfull size-full\" style=\"margin-top:0;margin-bottom:0\"><img loading=\"lazy\" decoding=\"async\" width=\"2560\" height=\"1810\" src=\"http:\/\/legendes-de-nice.com\/wp-content\/uploads\/2025\/08\/Sans-titre-1-13-scaled.png\" alt=\"\" class=\"wp-image-58\" srcset=\"https:\/\/legendes-de-nice.com\/wp-content\/uploads\/2025\/08\/Sans-titre-1-13-scaled.png 2560w, https:\/\/legendes-de-nice.com\/wp-content\/uploads\/2025\/08\/Sans-titre-1-13-300x212.png 300w, https:\/\/legendes-de-nice.com\/wp-content\/uploads\/2025\/08\/Sans-titre-1-13-1024x724.png 1024w, https:\/\/legendes-de-nice.com\/wp-content\/uploads\/2025\/08\/Sans-titre-1-13-768x543.png 768w, https:\/\/legendes-de-nice.com\/wp-content\/uploads\/2025\/08\/Sans-titre-1-13-1536x1086.png 1536w, https:\/\/legendes-de-nice.com\/wp-content\/uploads\/2025\/08\/Sans-titre-1-13-2048x1448.png 2048w\" sizes=\"auto, (max-width: 2560px) 100vw, 2560px\" \/><\/figure>\n\n\n\n<figure class=\"wp-block-image alignfull size-full\"><img loading=\"lazy\" decoding=\"async\" width=\"2560\" height=\"1810\" src=\"http:\/\/legendes-de-nice.com\/wp-content\/uploads\/2025\/08\/Sans-titre-1-14-scaled.png\" alt=\"\" class=\"wp-image-59\" srcset=\"https:\/\/legendes-de-nice.com\/wp-content\/uploads\/2025\/08\/Sans-titre-1-14-scaled.png 2560w, https:\/\/legendes-de-nice.com\/wp-content\/uploads\/2025\/08\/Sans-titre-1-14-300x212.png 300w, https:\/\/legendes-de-nice.com\/wp-content\/uploads\/2025\/08\/Sans-titre-1-14-1024x724.png 1024w, https:\/\/legendes-de-nice.com\/wp-content\/uploads\/2025\/08\/Sans-titre-1-14-768x543.png 768w, https:\/\/legendes-de-nice.com\/wp-content\/uploads\/2025\/08\/Sans-titre-1-14-1536x1086.png 1536w, https:\/\/legendes-de-nice.com\/wp-content\/uploads\/2025\/08\/Sans-titre-1-14-2048x1448.png 2048w\" sizes=\"auto, (max-width: 2560px) 100vw, 2560px\" \/><\/figure>\n\n\n\n<figure class=\"wp-block-image alignfull size-full\"><img loading=\"lazy\" decoding=\"async\" width=\"2560\" height=\"1810\" src=\"http:\/\/legendes-de-nice.com\/wp-content\/uploads\/2025\/08\/Sans-titre-1-15-scaled.png\" alt=\"\" class=\"wp-image-60\" srcset=\"https:\/\/legendes-de-nice.com\/wp-content\/uploads\/2025\/08\/Sans-titre-1-15-scaled.png 2560w, https:\/\/legendes-de-nice.com\/wp-content\/uploads\/2025\/08\/Sans-titre-1-15-300x212.png 300w, https:\/\/legendes-de-nice.com\/wp-content\/uploads\/2025\/08\/Sans-titre-1-15-1024x724.png 1024w, https:\/\/legendes-de-nice.com\/wp-content\/uploads\/2025\/08\/Sans-titre-1-15-768x543.png 768w, https:\/\/legendes-de-nice.com\/wp-content\/uploads\/2025\/08\/Sans-titre-1-15-1536x1086.png 1536w, https:\/\/legendes-de-nice.com\/wp-content\/uploads\/2025\/08\/Sans-titre-1-15-2048x1448.png 2048w\" sizes=\"auto, (max-width: 2560px) 100vw, 2560px\" \/><\/figure>\n\n\n\n<figure class=\"wp-block-image alignfull size-full\"><img loading=\"lazy\" decoding=\"async\" width=\"2560\" height=\"1810\" src=\"http:\/\/legendes-de-nice.com\/wp-content\/uploads\/2025\/08\/Sans-titre-1-16-scaled.png\" alt=\"\" class=\"wp-image-61\" srcset=\"https:\/\/legendes-de-nice.com\/wp-content\/uploads\/2025\/08\/Sans-titre-1-16-scaled.png 2560w, https:\/\/legendes-de-nice.com\/wp-content\/uploads\/2025\/08\/Sans-titre-1-16-300x212.png 300w, https:\/\/legendes-de-nice.com\/wp-content\/uploads\/2025\/08\/Sans-titre-1-16-1024x724.png 1024w, https:\/\/legendes-de-nice.com\/wp-content\/uploads\/2025\/08\/Sans-titre-1-16-768x543.png 768w, https:\/\/legendes-de-nice.com\/wp-content\/uploads\/2025\/08\/Sans-titre-1-16-1536x1086.png 1536w, https:\/\/legendes-de-nice.com\/wp-content\/uploads\/2025\/08\/Sans-titre-1-16-2048x1448.png 2048w\" sizes=\"auto, (max-width: 2560px) 100vw, 2560px\" \/><\/figure>\n\n\n\n<figure class=\"wp-block-image alignfull size-full\"><img loading=\"lazy\" decoding=\"async\" width=\"2560\" height=\"1810\" src=\"http:\/\/legendes-de-nice.com\/wp-content\/uploads\/2025\/08\/Sans-titre-1-17-scaled.png\" alt=\"\" class=\"wp-image-62\" srcset=\"https:\/\/legendes-de-nice.com\/wp-content\/uploads\/2025\/08\/Sans-titre-1-17-scaled.png 2560w, https:\/\/legendes-de-nice.com\/wp-content\/uploads\/2025\/08\/Sans-titre-1-17-300x212.png 300w, https:\/\/legendes-de-nice.com\/wp-content\/uploads\/2025\/08\/Sans-titre-1-17-1024x724.png 1024w, https:\/\/legendes-de-nice.com\/wp-content\/uploads\/2025\/08\/Sans-titre-1-17-768x543.png 768w, https:\/\/legendes-de-nice.com\/wp-content\/uploads\/2025\/08\/Sans-titre-1-17-1536x1086.png 1536w, https:\/\/legendes-de-nice.com\/wp-content\/uploads\/2025\/08\/Sans-titre-1-17-2048x1448.png 2048w\" sizes=\"auto, (max-width: 2560px) 100vw, 2560px\" \/><\/figure>\n\n\n\n<div style=\"height:48px\" aria-hidden=\"true\" class=\"wp-block-spacer\"><\/div>\n\n\n\n<figure class=\"wp-block-video alignfull\"><video height=\"1080\" style=\"aspect-ratio: 1920 \/ 1080;\" width=\"1920\" autoplay loop muted src=\"http:\/\/legendes-de-nice.com\/wp-content\/uploads\/2025\/08\/legendes-de-nice-2025.mp4\" playsinline><\/video><\/figure>\n\n\n\n<div style=\"height:63px\" aria-hidden=\"true\" class=\"wp-block-spacer\"><\/div>\n\n\n\n<div class=\"wp-block-file aligncenter\"><a id=\"wp-block-file--media-9a8c0b1a-0351-446f-a735-db51c54990c5\" href=\"http:\/\/legendes-de-nice.com\/wp-content\/uploads\/2025\/08\/Legendes_2025_plaquette_V2-1-1.pdf\">L\u00e9gendes de Nice 2025<\/a><a href=\"http:\/\/legendes-de-nice.com\/wp-content\/uploads\/2025\/08\/Legendes_2025_plaquette_V2-1-1.pdf\" class=\"wp-block-file__button wp-element-button\" download aria-describedby=\"wp-block-file--media-9a8c0b1a-0351-446f-a735-db51c54990c5\">T\u00e9l\u00e9charger<\/a><\/div>\n\n\n\n<div style=\"height:100px\" aria-hidden=\"true\" class=\"wp-block-spacer\"><\/div>\n\n\n\n<p class=\"has-text-align-center\" style=\"font-size:clamp(20.515px, 1.282rem + ((1vw - 3.2px) * 1.301), 33px);\">Pr\u00e9parez-vous d\u00e9j\u00e0 pour <\/p>\n\n\n\n<p class=\"has-text-align-center\" style=\"font-size:clamp(20.515px, 1.282rem + ((1vw - 3.2px) * 1.301), 33px);\">la 4<sup>e<\/sup> \u00e9dition des L\u00e9gendes de Nice ! <\/p>\n\n\n\n<div style=\"height:51px\" aria-hidden=\"true\" class=\"wp-block-spacer\"><\/div>\n\n\n\n<p class=\"has-text-align-center\" style=\"font-size:clamp(20.515px, 1.282rem + ((1vw - 3.2px) * 1.301), 33px);\">Rendez-vous les 10, 11 et 12 avril 2026 !<\/p>\n","protected":false},"excerpt":{"rendered":"<p>Pr\u00e9parez-vous d\u00e9j\u00e0 pour la 4e \u00e9dition des L\u00e9gendes de Nice ! Rendez-vous les 10, 11 et 12 avril 2026 !<\/p>\n","protected":false},"author":1,"featured_media":0,"parent":0,"menu_order":0,"comment_status":"closed","ping_status":"closed","template":"","meta":{"footnotes":""},"class_list":["post-40","page","type-page","status-publish","hentry"],"yoast_head":"<!-- This site is optimized with the Yoast SEO plugin v25.7 - https:\/\/yoast.com\/wordpress\/plugins\/seo\/ -->\n<title>-<\/title>\n<meta name=\"description\" content=\"L\u00e9gendes de Nice, Concours d&#039;\u00e9l\u00e9gance automobile,\" \/>\n<meta name=\"robots\" content=\"index, follow, max-snippet:-1, max-image-preview:large, max-video-preview:-1\" \/>\n<link rel=\"canonical\" href=\"https:\/\/legendes-de-nice.com\/index.php\/40-2\/\" \/>\n<meta property=\"og:locale\" content=\"fr_FR\" \/>\n<meta property=\"og:type\" content=\"article\" \/>\n<meta property=\"og:title\" content=\"-\" \/>\n<meta property=\"og:description\" content=\"L\u00e9gendes de Nice, Concours d&#039;\u00e9l\u00e9gance automobile,\" \/>\n<meta property=\"og:url\" content=\"https:\/\/legendes-de-nice.com\/index.php\/40-2\/\" \/>\n<meta property=\"article:modified_time\" content=\"2025-08-17T16:52:34+00:00\" \/>\n<meta property=\"og:image\" content=\"https:\/\/legendes-de-nice.com\/wp-content\/uploads\/2025\/08\/Sans-titre-1-01-scaled.png\" \/>\n\t<meta property=\"og:image:width\" content=\"2560\" \/>\n\t<meta property=\"og:image:height\" content=\"1810\" \/>\n\t<meta property=\"og:image:type\" content=\"image\/png\" \/>\n<meta name=\"twitter:card\" content=\"summary_large_image\" \/>\n<script type=\"application\/ld+json\" class=\"yoast-schema-graph\">{\"@context\":\"https:\/\/schema.org\",\"@graph\":[{\"@type\":\"WebPage\",\"@id\":\"https:\/\/legendes-de-nice.com\/index.php\/40-2\/\",\"url\":\"https:\/\/legendes-de-nice.com\/index.php\/40-2\/\",\"name\":\"-\",\"isPartOf\":{\"@id\":\"https:\/\/legendes-de-nice.com\/#website\"},\"primaryImageOfPage\":{\"@id\":\"https:\/\/legendes-de-nice.com\/index.php\/40-2\/#primaryimage\"},\"image\":{\"@id\":\"https:\/\/legendes-de-nice.com\/index.php\/40-2\/#primaryimage\"},\"thumbnailUrl\":\"http:\/\/legendes-de-nice.com\/wp-content\/uploads\/2025\/08\/Sans-titre-1-01-scaled.png\",\"datePublished\":\"2025-08-17T16:09:39+00:00\",\"dateModified\":\"2025-08-17T16:52:34+00:00\",\"description\":\"L\u00e9gendes de Nice, Concours d'\u00e9l\u00e9gance automobile,\",\"inLanguage\":\"fr-FR\",\"potentialAction\":[{\"@type\":\"ReadAction\",\"target\":[\"https:\/\/legendes-de-nice.com\/index.php\/40-2\/\"]}]},{\"@type\":\"ImageObject\",\"inLanguage\":\"fr-FR\",\"@id\":\"https:\/\/legendes-de-nice.com\/index.php\/40-2\/#primaryimage\",\"url\":\"https:\/\/legendes-de-nice.com\/wp-content\/uploads\/2025\/08\/Sans-titre-1-01-scaled.png\",\"contentUrl\":\"https:\/\/legendes-de-nice.com\/wp-content\/uploads\/2025\/08\/Sans-titre-1-01-scaled.png\",\"width\":2560,\"height\":1810},{\"@type\":\"WebSite\",\"@id\":\"https:\/\/legendes-de-nice.com\/#website\",\"url\":\"https:\/\/legendes-de-nice.com\/\",\"name\":\"Legendes de Nice\",\"description\":\"\",\"publisher\":{\"@id\":\"https:\/\/legendes-de-nice.com\/#organization\"},\"potentialAction\":[{\"@type\":\"SearchAction\",\"target\":{\"@type\":\"EntryPoint\",\"urlTemplate\":\"https:\/\/legendes-de-nice.com\/?s={search_term_string}\"},\"query-input\":{\"@type\":\"PropertyValueSpecification\",\"valueRequired\":true,\"valueName\":\"search_term_string\"}}],\"inLanguage\":\"fr-FR\"},{\"@type\":\"Organization\",\"@id\":\"https:\/\/legendes-de-nice.com\/#organization\",\"name\":\"Legendes de Nice\",\"url\":\"https:\/\/legendes-de-nice.com\/\",\"logo\":{\"@type\":\"ImageObject\",\"inLanguage\":\"fr-FR\",\"@id\":\"https:\/\/legendes-de-nice.com\/#\/schema\/logo\/image\/\",\"url\":\"https:\/\/legendes-de-nice.com\/wp-content\/uploads\/2025\/08\/LEGENDES.png\",\"contentUrl\":\"https:\/\/legendes-de-nice.com\/wp-content\/uploads\/2025\/08\/LEGENDES.png\",\"width\":743,\"height\":766,\"caption\":\"Legendes de Nice\"},\"image\":{\"@id\":\"https:\/\/legendes-de-nice.com\/#\/schema\/logo\/image\/\"},\"sameAs\":[\"https:\/\/www.instagram.com\/legendesdenice\/\"]}]}<\/script>\n<!-- \/ Yoast SEO plugin. -->","yoast_head_json":{"title":"-","description":"L\u00e9gendes de Nice, Concours d'\u00e9l\u00e9gance automobile,","robots":{"index":"index","follow":"follow","max-snippet":"max-snippet:-1","max-image-preview":"max-image-preview:large","max-video-preview":"max-video-preview:-1"},"canonical":"https:\/\/legendes-de-nice.com\/index.php\/40-2\/","og_locale":"fr_FR","og_type":"article","og_title":"-","og_description":"L\u00e9gendes de Nice, Concours d'\u00e9l\u00e9gance automobile,","og_url":"https:\/\/legendes-de-nice.com\/index.php\/40-2\/","article_modified_time":"2025-08-17T16:52:34+00:00","og_image":[{"width":2560,"height":1810,"url":"https:\/\/legendes-de-nice.com\/wp-content\/uploads\/2025\/08\/Sans-titre-1-01-scaled.png","type":"image\/png"}],"twitter_card":"summary_large_image","schema":{"@context":"https:\/\/schema.org","@graph":[{"@type":"WebPage","@id":"https:\/\/legendes-de-nice.com\/index.php\/40-2\/","url":"https:\/\/legendes-de-nice.com\/index.php\/40-2\/","name":"-","isPartOf":{"@id":"https:\/\/legendes-de-nice.com\/#website"},"primaryImageOfPage":{"@id":"https:\/\/legendes-de-nice.com\/index.php\/40-2\/#primaryimage"},"image":{"@id":"https:\/\/legendes-de-nice.com\/index.php\/40-2\/#primaryimage"},"thumbnailUrl":"http:\/\/legendes-de-nice.com\/wp-content\/uploads\/2025\/08\/Sans-titre-1-01-scaled.png","datePublished":"2025-08-17T16:09:39+00:00","dateModified":"2025-08-17T16:52:34+00:00","description":"L\u00e9gendes de Nice, Concours d'\u00e9l\u00e9gance automobile,","inLanguage":"fr-FR","potentialAction":[{"@type":"ReadAction","target":["https:\/\/legendes-de-nice.com\/index.php\/40-2\/"]}]},{"@type":"ImageObject","inLanguage":"fr-FR","@id":"https:\/\/legendes-de-nice.com\/index.php\/40-2\/#primaryimage","url":"https:\/\/legendes-de-nice.com\/wp-content\/uploads\/2025\/08\/Sans-titre-1-01-scaled.png","contentUrl":"https:\/\/legendes-de-nice.com\/wp-content\/uploads\/2025\/08\/Sans-titre-1-01-scaled.png","width":2560,"height":1810},{"@type":"WebSite","@id":"https:\/\/legendes-de-nice.com\/#website","url":"https:\/\/legendes-de-nice.com\/","name":"Legendes de Nice","description":"","publisher":{"@id":"https:\/\/legendes-de-nice.com\/#organization"},"potentialAction":[{"@type":"SearchAction","target":{"@type":"EntryPoint","urlTemplate":"https:\/\/legendes-de-nice.com\/?s={search_term_string}"},"query-input":{"@type":"PropertyValueSpecification","valueRequired":true,"valueName":"search_term_string"}}],"inLanguage":"fr-FR"},{"@type":"Organization","@id":"https:\/\/legendes-de-nice.com\/#organization","name":"Legendes de Nice","url":"https:\/\/legendes-de-nice.com\/","logo":{"@type":"ImageObject","inLanguage":"fr-FR","@id":"https:\/\/legendes-de-nice.com\/#\/schema\/logo\/image\/","url":"https:\/\/legendes-de-nice.com\/wp-content\/uploads\/2025\/08\/LEGENDES.png","contentUrl":"https:\/\/legendes-de-nice.com\/wp-content\/uploads\/2025\/08\/LEGENDES.png","width":743,"height":766,"caption":"Legendes de Nice"},"image":{"@id":"https:\/\/legendes-de-nice.com\/#\/schema\/logo\/image\/"},"sameAs":["https:\/\/www.instagram.com\/legendesdenice\/"]}]}},"_links":{"self":[{"href":"https:\/\/legendes-de-nice.com\/index.php\/wp-json\/wp\/v2\/pages\/40","targetHints":{"allow":["GET"]}}],"collection":[{"href":"https:\/\/legendes-de-nice.com\/index.php\/wp-json\/wp\/v2\/pages"}],"about":[{"href":"https:\/\/legendes-de-nice.com\/index.php\/wp-json\/wp\/v2\/types\/page"}],"author":[{"embeddable":true,"href":"https:\/\/legendes-de-nice.com\/index.php\/wp-json\/wp\/v2\/users\/1"}],"replies":[{"embeddable":true,"href":"https:\/\/legendes-de-nice.com\/index.php\/wp-json\/wp\/v2\/comments?post=40"}],"version-history":[{"count":8,"href":"https:\/\/legendes-de-nice.com\/index.php\/wp-json\/wp\/v2\/pages\/40\/revisions"}],"predecessor-version":[{"id":84,"href":"https:\/\/legendes-de-nice.com\/index.php\/wp-json\/wp\/v2\/pages\/40\/revisions\/84"}],"wp:attachment":[{"href":"https:\/\/legendes-de-nice.com\/index.php\/wp-json\/wp\/v2\/media?parent=40"}],"curies":[{"name":"wp","href":"https:\/\/api.w.org\/{rel}","templated":true}]}}